{"id":258,"date":"2018-01-22T10:17:40","date_gmt":"2018-01-22T14:17:40","guid":{"rendered":"http:\/\/new.am.gob.do\/transparencia\/?page_id=258"},"modified":"2026-02-20T10:38:09","modified_gmt":"2026-02-20T14:38:09","slug":"responsable-de-acceso-a-la-informacion","status":"publish","type":"page","link":"https:\/\/ayuntamientomoca.gob.do\/transparencia\/responsable-de-acceso-a-la-informacion\/","title":{"rendered":"Responsable de Acceso a la Informaci\u00f3n"},"content":{"rendered":"<blockquote><p><span style=\"vertical-align: inherit\"><span style=\"vertical-align: inherit\">Responsable del Acceso a la Informaci\u00f3n (RAI)<\/span><\/span><\/p><\/blockquote>\n<p><span style=\"vertical-align: inherit\"><span style=\"vertical-align: inherit\">Licda. Carolina Mercedes S\u00e1nchez M\u00e9ndez\u00a0<\/span><\/span><br \/>\n<span style=\"vertical-align: inherit\"><span style=\"vertical-align: inherit\">Responsable de la Oficina de Acceso a la Informaci\u00f3n Municipal\u00a0<\/span><\/span><\/p>\n<p><span style=\"vertical-align: inherit\"><span style=\"vertical-align: inherit\">AYUNTAMIENTO DE MOCA\u00a0<\/span><\/span><br \/>\n<span style=\"vertical-align: inherit\"><span style=\"vertical-align: inherit\">Tel .: (809) 578-2374 Ext: 1405 <\/span><\/span><span style=\"vertical-align: inherit\"><span style=\"vertical-align: inherit\">\u00a0<\/span><\/span><br \/>\n<span style=\"vertical-align: inherit\"><span style=\"vertical-align: inherit\">Correo RAI.: informaci\u00f3n@ayuntamientodemoca.gob.do<\/span><\/span><\/p>\n","protected":false},"excerpt":{"rendered":"Responsable del Acceso a la Informaci\u00f3n (RAI) Licda. Carolina Mercedes S\u00e1nchez M\u00e9ndez\u00a0 Responsable de la Oficina de Acceso a la Informaci\u00f3n Municipal\u00a0 AYUNTAMIENTO DE MOCA\u00a0 Tel .: (809) 578-2374 Ext: 1405 \u00a0 Correo RAI.: informaci\u00f3n@ayuntamientodemoca.gob.do","protected":false},"author":1,"featured_media":0,"parent":0,"menu_order":0,"comment_status":"closed","ping_status":"closed","template":"","meta":[],"acf":[],"_links":{"self":[{"href":"https:\/\/ayuntamientomoca.gob.do\/transparencia\/wp-json\/wp\/v2\/pages\/258"}],"collection":[{"href":"https:\/\/ayuntamientomoca.gob.do\/transparencia\/wp-json\/wp\/v2\/pages"}],"about":[{"href":"https:\/\/ayuntamientomoca.gob.do\/transparencia\/wp-json\/wp\/v2\/types\/page"}],"author":[{"embeddable":true,"href":"https:\/\/ayuntamientomoca.gob.do\/transparencia\/wp-json\/wp\/v2\/users\/1"}],"replies":[{"embeddable":true,"href":"https:\/\/ayuntamientomoca.gob.do\/transparencia\/wp-json\/wp\/v2\/comments?post=258"}],"version-history":[{"count":11,"href":"https:\/\/ayuntamientomoca.gob.do\/transparencia\/wp-json\/wp\/v2\/pages\/258\/revisions"}],"predecessor-version":[{"id":10818,"href":"https:\/\/ayuntamientomoca.gob.do\/transparencia\/wp-json\/wp\/v2\/pages\/258\/revisions\/10818"}],"wp:attachment":[{"href":"https:\/\/ayuntamientomoca.gob.do\/transparencia\/wp-json\/wp\/v2\/media?parent=258"}],"curies":[{"name":"wp","href":"https:\/\/api.w.org\/{rel}","templated":true}]}}